ainder when o is divided by 28.
21
What is the remainder when 1100 is divided by (-1 - -309) + (14 - (-28)/(-7))?
146
Let l(x) = 3*x**3 + 4*x**2 - 5*x + 6. Let r be l(3). Let a = r - 50. Let q = a - 49. Calculate the remainder when 16 is divided by q.
7
Suppose 22*y + 7751 + 2985 = 110*y. Let o(p) = -2*p - 1. Calculate the remainder when y is divided by o(-3).
2
Suppose 667 = -g + 2*g. Suppose 0 = 214*i - 76653 + 62315. What is the remainder when g is divided by i?
64
Let v = 328 + -233. Calculate the remainder when v is divided by 7.
4
Suppose 21*s - 10*s - 1749 = 0. Let i = 166 + -113. Calculate the remainder when s is divided by i.
0
Let v(q) = -q**2 - 11*q + 88. Calculate the remainder when 2051 is divided by v(-12).
75
Let p(s) = 42*s**3 - 294*s**2 + 7*s - 20. Calculate the remainder when 7324 is divided by p(7).
16
Let j = 14 + -95. Let r = j + 124. Let y = 34 + -23. What is the remainder when r is divided by y?
10
Suppose 0*u - 8*u = -s + 2864, -2*u + 14446 = 5*s. Calculate the remainder when s is divided by 107.
106
What is the remainder when 909 is divided by ((-3)/(-18))/((-18)/(-2052))?
16
Suppose -4*c - v + 2507 = -1102, 5*c + v - 4513 = 0. What is the remainder when c is divided by 239?
187
Let o(q) = -q**3 + 40*q**2 - 6*q + 259. Let k(z) be the third derivative of 2*z**4/3 + 2*z**3/3 - 2*z**2. What is the remainder when k(8) is divided by o(40)?
18
Suppose 121*j - 142343 = 82091 - 2641. Calculate the remainder when j is divided by 18.
15
Suppose 17*y = 5978 + 6635 - 3161. What is the remainder when y is divided by 130?
36
Let o = 303 + -255. Suppose -9*j - o = -237. What is the remainder when 165 is divided by j?
18
Let c(y) = -3*y**2 - 303*y - 462. What is the remainder when 1728 is divided by c(-99)?
12
Let m = -511 + 521. Calculate the remainder when 229 is divided by m.
9
What is the remainder when (108/16)/(11/1188) is divided by 82?
73
Let u = 6531 + -6464. What is the remainder when 642 is divided by u?
39
Let i = -50 + -43. Suppose 306 = -15*a - 144. Let t = a - i. What is the remainder when t is divided by 17?
12
Let x = -13189 - -13268. What is the remainder when 3166 is divided by x?
6
Suppose -11*x = -8*x - 42. Let p(u) = -u**3 + 17*u**2 - 37*u - 43. Calculate the remainder when 267 is divided by p(x).
24
Let s(t) = t**2 + 1294*t - 3875. Let w(z) = z**3 + 9*z**2 + 3*z + 1. What is the remainder when w(-7) is divided by s(3)?
14
Let x = -54 + 85. Suppose 645 = 36*c - x*c. Calculate the remainder when c is divided by 33.
30
Let l(v) = 109*v - 33. Let k(x) = -x**2 - x + 1. Let u(d) = -4*k(d) - l(d). Calculate the remainder when 28 is divided by u(26).
1
Let b = 6481 - 6290. What is the remainder when 816 is divided by b?
52
Let a(i) = 8*i**2 - 132*i + 1755. Calculate the remainder when a(12) is divided by 26.
23
Let h = 316 + -297. Let q be 1/(3 - (-3462)/(-1155)). Suppose 0 = 5*z - 2*i - q, 5*z + i = -0*i + 370. Calculate the remainder when z is divided by h.
18
Suppose 5*x + 3*r = -1938, 4*r - 363 - 794 = 3*x. Let k = 401 + x. Calculate the remainder when 124 is divided by k.
12
Let v(m) = m**2 + 160*m + 6340. What is the remainder when 273 is divided by v(-94)?
1
Suppose 0*z = -2*z + 32. Let s be -8*(228/190 - (-2)/(-10)). What is the remainder when (465/20)/((-3)/s) is divided by z?
14
Suppose -u = -i + 237, 19*u - 20*u = 5*i - 1227. Calculate the remainder when i is divided by 115.
14
Let j(m) = 2*m**2 + 8*m - 31. Let s be j(-7). Suppose 3*r + 120 = v, -10*v - 126 = -s*v + 5*r. What is the remainder when v is divided by 16?
15
Suppose -103*h + 1664 = -99*h. Suppose h = -4*k + 4*m, 4*k + 4*m + 194 + 230 = 0. Let z = 118 + k. Calculate the remainder when 36 is divided by z.
10
Let h = 49 + -41. Let w be (33/12)/(-11) - (-2)/h. Suppose 4*z = 2*c - 30, w*c + 3*z = -3*c + 27. Calculate the remainder when 28 is divided by c.
6
Let s(m) = m**2 - 3. Let x = 130 + -132. Calculate the remainder when 1 is divided by s(x).
0
Let n(r) = -r**2 + 38*r - 34. Let i be n(37). Calculate the remainder when 0 - (-114)/(-1)*(-8)/i is divided by 17.
15
Let o = 83 - 81. Suppose 1 - 27 = -4*d + 2*k, 5*d - o*k = 35. What is the remainder when d is divided by ((-2)/6)/(2/(-12))?
1
Let o(b) = -5*b + 37. Let d be o(8). Let u be 27 + (-3 - (d + 3 + 0)). What is the remainder when (-7*(-8)/u)/((-2)/(-48)) is divided by 30?
26
Let k(z) = z**2 - 9*z - 61. Calculate the remainder when 127 is divided by k(-9).
26
Suppose 0 = -3*q + 2*n + 31, 0 = 3*q - 6*q - 2*n + 23. Let z(r) = r**3 - 26*r**2 + 101*r - 87. Calculate the remainder when z(22) is divided by q.
1
Let r = -2363 + 2509. Calculate the remainder when 367 is divided by r.
75
Let d be (-4)/(((-2)/6)/(1/(-3))). What is the remainder when 29 is divided by 0 + 11 - (-3 - d)?
9
Let s(b) = b**3 - 5*b**2 + 5*b. Let r be s(6). Let g be (-14)/6 - 2088/216. Calculate the remainder when 41 is divided by r/(-4)*8/g.
8
Suppose 86 = 3*w + 4*l, 447*w - l - 31 = 446*w. Calculate the remainder when 5998 is divided by w.
28
Suppose 0 = -112*b + 31533 + 67923. Calculate the remainder when b is divided by 27.
24
Let c(p) be the first derivative of -2*p**2 + 7*p - 2. Suppose -2*f = 0, 15*q + 2*f + 35 = 10*q. Calculate the remainder when c(q) is divided by 19.
16
Suppose -9 = 2*g - 49. Let m be 3/(-1 + 2/(-80)*-34). Let v = g - m. What is the remainder when 198 is divided by v?
38
Let n = -248 - -463. Suppose n*b = 231*b - 1568. Calculate the remainder when b is divided by 64.
34
Let k = 7688 + -7633. What is the remainder when 216 + 1 + (-2 - 1) is divided by k?
49
Suppose -577 = -5*w - 5*t + 468, 5*w + 4*t - 1040 = 0. Let u = 75157 + -75148. Calculate the remainder when w is divided by u.
6
Let n(p) = 43*p + 289. What is the remainder when 166 is divided by n(-6)?
11
Let v = 71 + -16. Let i = 81 - v. Let y(n) = -n**2 + 28*n - 29. Calculate the remainder when 90 is divided by y(i).
21
Suppose -120 = -2*l - 16. Suppose 6*n - n = 5*k - 15, 27 = 5*k - n. What is the remainder when l is divided by k?
4
Let t(m) = 3*m**2 - 2*m + 25. Let k be t(5). Suppose k = 20*b - 1190. What is the remainder when 117 is divided by b?
53
Let d be -8*1/(1 - 0). Let i(z) = 18*z + 5. What is the remainder when i(4) is divided by -3*5*d/3?
37
Calculate the remainder when 143 is divided by 9*7*-1*(-8)/18.
3
Let b(a) = -8*a - 19. Let d be b(-14). Suppose 6*u - 207 = -d. Calculate the remainder when 37 is divided by u.
18
Calculate the remainder when 2527 is divided by (208714/1320 - (-8)/60) + (-1)/4.
157
Suppose -12*w + 173 = u - 16*w, 2*u + 4*w - 394 = 0. Suppose 0 = 3*n + 3*x - 198, -x + u + 63 = 4*n. What is the remainder when n is divided by 8?
6
Let k(x) = 2*x**2 - 20*x + 36. Let r be k(8). Let z(c) = -5*c + 9*c**2 - r*c - 5*c**2 + 7*c - 2. What is the remainder when 55 is divided by z(2)?
5
Suppose -2*h - 25*f + 30*f + 92 = 0, -24 = -3*f. Calculate the remainder when 159 is divided by h.
27
Let d = 40 - 38. Suppose 75 = d*b - 157. Suppose 0 = -l - 4*l - 4*r + b, 2*l = -3*r + 52. Calculate the remainder when 70 is divided by l.
10
Let t(j) = 78*j + 30. Let x be t(2). Let s = x + -119. What is the remainder when s is divided by 29?
9
Suppose 1279*m + 119924 = 1294*m + 40889. Calculate the remainder when m is divided by 170.
169
Let s(n) = -18*n + 1761. Calculate the remainder when s(95) is divided by 22.
7
Let d = -66 + 141. Suppose 0 = 4*m - m - d. Let v(j) = 61*j. What is the remainder when v(2) is divided by m?
22
Let d(h) = -14*h + 1213. Calculate the remainder when 526 is divided by d(83).
16
Let w(s) = -58*s - 48*s + 11*s**3 + 118*s - 28 - 3*s**3. What is the remainder when w(3) is divided by 77?
70
Suppose -14*o + 933 = -11443. What is the remainder when o is divided by 15?
14
Suppose x - 4*n - 51 + 50 = 0, 0 = 5*x - 4*n - 37. What is the remainder when 381 is divided by x?
3
Let j(t) = -t**2 - 8*t + 1. Let l be 11*(-62)/(-8)*(-16 - -20). Let q = l - 278. What is the remainder when q is divided by j(-6)?
11
Suppose -2*h + 3*p - 269 = -297, -3*h - 5*p + 4 = 0. What is the remainder when 78 is divided by h?
6
Suppose -1510 = 3*y - d, -2*y - d - 1014 = 2*d. Let u = y - -721. What is the remainder when u is divided by 17?
13
What is the remainder when (14/8)/((-10098)/(-2016) + -5) is divided by (-28)/21 + 210/9?
20
Let f be 8